 0. Suppose -l*h + h = -22. Calculate the remainder when 19 is divided by h.
8
Suppose -4*t = 7 - 443. Calculate the remainder when t is divided by 28.
25
Let d(l) = 3*l**2 - 13*l + 4. What is the remainder when 26 is divided by d(5)?
12
Let l be 1 + 3*2/(-3). Let i(m) = 41*m**2 - 1. Calculate the remainder when i(l) is divided by ((-30)/4)/(-3)*196/35.
12
Let h(n) = 0 + 2*n + n - 3. What is the remainder when (44/6)/(1 - 4/6) is divided by h(5)?
10
Let u(t) = 11*t**2 - 4*t - 38. Calculate the remainder when u(-4) is divided by 13.
11
Suppose 12 = 5*m - m. Suppose 3*l - 9 = m. Suppose 5*b - r - 2*r = 23, -16 = -4*r. Calculate the remainder when b is divided by l.
3
Suppose 0*v + 249 = 3*v. What is the remainder when v is divided by 21?
20
Suppose 3*p = -5*z + 36, 2*p - 29 = -0*p - 5*z. Calculate the remainder when 27 is divided by p.
6
Let o = -54 + 74. Calculate the remainder when 35 is divided by o.
15
Let s = 20 - -26. Calculate the remainder when s is divided by (-840)/(-52) + (-28)/182.
14
What is the remainder when 74 is divided by -2 - (-3 - 18) - 4?
14
What is the remainder when 86*14/(-4)*8/(-14) is divided by 35?
32
Let f = -3 + 11. Let x(j) = j**2 - 5*j - 4. What is the remainder when 78 is divided by x(f)?
18
Suppose -3*r = -5*i + 60, 1 + 19 = -r - 5*i. Let m = -5 - r. Calculate the remainder when 29 is divided by m.
14
Suppose 0 = -2*g + 6*g - 56. Let x(b) = -b**3 - 5*b**2 - 10. Calculate the remainder when x(-6) is divided by g.
12
Let a(x) = 8*x**2 - 7*x - 3. What is the remainder when a(-2) is divided by 23?
20
Suppose -4*h - q = -266, 3*h + h - 258 = -5*q. What is the remainder when h is divided by 17?
16
Suppose 0*y = -5*g + 2*y + 381, -4*y = 12. Calculate the remainder when g is divided by 39.
36
Calculate the remainder when 2/(-4) - 71/(-2) is divided by 12.
11
Let a = 38 - 18. Suppose q - 2 - a = 0. What is the remainder when 87 is divided by q?
21
Suppose 2*l - l = -5*n + 81, -3*l = n - 19. Calculate the remainder when 29 is divided by n.
13
Let z = -113 - -132. Calculate the remainder when 150 is divided by z.
17
Let c = -2 + 5. Let k = 23 + c. What is the remainder when k is divided by 9?
8
Suppose 2*b - 39 - 25 = 0. Suppose -5*k + 25 = -0*k. Suppose k*d = 9*d - b. Calculate the remainder when 14 is divided by d.
6
Let l = -12 + 7. Let s(x) = x**3 + 7*x**2. What is the remainder when s(l) is divided by 17?
16
Let p = -63 + 35. Let o = p - -39. Let w = -28 - -47. What is the remainder when w is divided by o?
8
Let b(a) = 15*a**3 + a - 1. Let i = -14 - -15. What is the remainder when 58 is divided by b(i)?
13
Let w(q) = q**3 + 6*q**2 - 3*q - 9. Calculate the remainder when 17 is divided by w(-6).
8
Suppose 4*s - 5*m - 110 = 0, -2*s - 66 = -4*s - 3*m. Suppose 48 + 53 = 4*h - 3*t, 4*t = -h + s. Calculate the remainder when h is divided by 7.
5
Let s = -20 + 43. Let y = -13 + s. Calculate the remainder when 39 is divided by y.
9
Suppose -3*q - 24 = -4*q. What is the remainder when 94 is divided by q?
22
Suppose -17 = -g - 4*k + 7, k + 14 = g. What is the remainder when 63 is divided by g?
15
Let t = 118 + -63. Let u(g) = g**3 - 8*g**2 + 9*g - 9. Let i be u(7). Suppose i*v - t = -10. Calculate the remainder when v is divided by 5.
4
Suppose 4*o - 171 = -67. Calculate the remainder when o is divided by 7.
5
Suppose -27 = -5*p + 58. Calculate the remainder when 67 is divided by p.
16
Let c(f) = 3*f**2 + 7*f + 7. Suppose -3*d = 3*n - 48, 5*n + 0*n - 80 = 2*d. What is the remainder when c(-5) is divided by n?
15
Let r(y) = y**2 - 6*y + 2. Let i be r(7). Let a = 40 - i. What is the remainder when a is divided by 17?
14
Let s = -71 - -122. Let b = s + -17. Let x = -20 - -38. Calculate the remainder when b is divided by x.
16
Suppose 9*d - 64 = d. Calculate the remainder when d is divided by 8.
0
Suppose -p = -6*p + 45. Calculate the remainder when p is divided by 3.
0
Calculate the remainder when -2*(-15)/(-6)*-2*11 is divided by 28.
26
Suppose -173 = -3*d + t, 0*d = -3*d - 3*t + 153. Suppose 2*a - 6*a + d = 0. Calculate the remainder when a is divided by 4.
2
Let r = 9 - 3. What is the remainder when 34 is divided by r*2/(4/3)?
7
Let a = 223 - 69. Calculate the remainder when a is divided by 40.
34
Let q(x) = 6*x**2 + 4*x - 4. What is the remainder when 111 is divided by q(2)?
27
Let u = 27 - 19. Suppose -101 - 15 = -4*w. What is the remainder when w is divided by u?
5
Let v(r) = -5 + r**2 - r + 2 + 8. Calculate the remainder when v(-5) is divided by 19.
16
Let j = 23 + -13. Suppose -x - 3*k + 96 = 3*x, 2*k - 127 = -5*x. Calculate the remainder when x is divided by j.
7
Let u(s) = -s**2 - 7*s + 12. Let p be u(-9). Let c(h) = -3*h - 7. What is the remainder when 19 is divided by c(p)?
8
Let x(s) = 4*s - 4. Suppose 17 - 5 = 2*y. Calculate the remainder when x(5) is divided by y.
4
Let o = -4 - -11. Suppose -t = -0*t + 6. Calculate the remainder when o is divided by t/(-1) + (-8)/4.
3
Let j = -33 + 61. Calculate the remainder when 81 is divided by j.
25
Let t = 5 + 19. Calculate the remainder when 0 + t + 0 + 0 is divided by 13.
11
Let i = 18 - 19. What is the remainder when 31 is divided by (i/(-4))/((-5)/(-220))?
9
Suppose h - 10 = 7. Let m = 29 - 21. Let j = h - m. What is the remainder when 24 is divided by j?
6
Let u(n) = 15*n - 1. Let c be u(2). Let x = 39 - c. What is the remainder when (-9)/6*(-152)/6 is divided by x?
8
Let h(v) = -40*v**3 + v + 1. Let x be h(-1). Suppose x = 4*o - 40. Calculate the remainder when o is divided by (-22)/((-3)/((-3)/(-2))).
9
What is the remainder when 21 is divided by ((-1)/(-3))/(13/429)?
10
Let k(t) be the second derivative of -t**4/12 - 5*t**3/2 - 19*t**2/2 - 4*t. Calculate the remainder when k(-13) is divided by 3.
1
Let m = 2 - -1. Suppose 3*z + 45 = 4*a, -5*a + z + m*z + 56 = 0. Calculate the remainder when 22 is divided by a.
10
Calculate the remainder when (-16 + -1)*(21 + -22) is divided by 12.
5
Suppose 3*y = -z + 80, -5*z = -0*z - 3*y - 418. Calculate the remainder when z is divided by 12.
11
Let x = -26 - -36. Suppose 3*t - x = 5. Let h = 20 + -12. What is the remainder when h is divided by t?
3
Let x be 20/70 + 38/14. Suppose 2*m - 60 = -x*m. Calculate the remainder when 35 is divided by m.
11
Let m = 3 + -9. What is the remainder when 136/(-6)*9/m is divided by 18?
16
Suppose 2*g + 4*x - 34 = 0, g - 4*x = 7 + 4. Let w = 2 - -6. Let l = w - -1. Calculate the remainder when g is divided by l.
6
Let x = 1 + 0. Let a(r) = -r**2 + r - 1. Let k(o) = 42*o**2 - 56*o + 56. Let h(m) = -56*a(m) - k(m). Calculate the remainder when 27 is divided by h(x).
13
Suppose -4 = -5*o + 81. Calculate the remainder when o is divided by 6.
5
Let o be 28/(-21)*(-9)/2. Suppose 30 = m + x, -3*m + 3*x + 66 = o. Suppose 5*v - m - 5 = 0. Calculate the remainder when 16 is divided by v.
4
Suppose -z + 48 - 1 = 0. Suppose j = -4*s - 45, 35 = -2*j + 2*s + s. Let o = 41 + j. What is the remainder when z is divided by o?
15
Let h(t) = -t**3 - 8*t + 9*t**2 - 2 - 2*t + 4*t. Calculate the remainder when 40 + 0 + (-2)/(-2) is divided by h(8).
13
Let y(v) = 6*v - 5. Let o = 5 + 1. What is the remainder when y(o) is divided by 11?
9
Let j be 3/(-3)*1 + 2. Calculate the remainder when (6/(-15))/(j/(-5)) is divided by 2.
0
Suppose -u - 366 = -4*u. Let t = u + -78. What is the remainder when t is divided by 15?
14
Suppose 2*z + 18 = 2*o, 4*o + 2*z = -0*z + 6. Suppose -3*n = -0*n - o*k - 15, 2*k + 25 = 5*n. Calculate the remainder when 19 is divided by n.
4
Let w be 1/(-3) + (-4)/(-12). Let p be -3 - (2/(-1) + w). Calculate the remainder when 489/12 - p/4 is divided by 21.
20
Suppose -3*i + 36 = 3*a - 15, -5*a = 4*i - 85. Let c = 35 - a. What is the remainder when 69 is divided by c?
15
Suppose 3*h = -5*d + 47, -12 = 2*h + 4*d - 46. What is the remainder when (-8)/((-1)/(22/4)) is divided by h?
8
Suppose -8 = 3*l - 26. Calculate the remainder when 15 is divided by l.
3
Suppose 6 = -4*w + 10. What is the remainder when w is divided by 1?
0
Suppose -o + 5 = -u + 2, o + 4*u = -12. Suppose 7 = -v + 4*i + 2, 5*v = -3*i + 44. Suppose o = 2*t - 17 - v. What is the remainder when 22 is divided by t?
10
Suppose 2*t + 436 = 5*h + t, 2*t = 8. What is the remainder when h is divided by 18?
16
Let q = -16 - -30. Suppose -7*y + 20 =